rs of r + (4 - -168)*2/2?
3, 19
Let j(q) = 88*q**2 + 25*q + 383. What are the prime factors of j(25)?
2, 7001
Let y(n) = n**3 + 3*n**2 - 2*n - 4. Let s be y(0). What are the prime factors of (6/s + 0)*346/(-3)?
173
Suppose -221 = -3*x - 4*n + 207, 5*n = 5*x - 690. Suppose -48*d - x = -53*d. Let j(u) = u**3 - 28*u**2 + 8*u + 25. What are the prime factors of j(d)?
3, 83
Suppose 2798 + 5849 = r - 3*z, 0 = -3*r + z + 25965. What are the prime factors of r?
2, 541
Let g(m) = 23*m**2 - 46*m + 22. Let c(l) = 7*l**2 - 15*l + 7. Let x(n) = 7*c(n) - 2*g(n). List the prime factors of x(-17).
1093
Suppose 1 + 1 = t, 3*o - 1764 = -3*t. Suppose 0 = 12*w - 2230 + o. List the prime factors of w.
137
Suppose 5346 = 4*p - 2*a, -2*p - 4*a + 1473 = -1225. Let y = 2065 - p. What are the prime factors of y?
2, 3, 11
Let j = 7892 + -5274. What are the prime factors of j?
2, 7, 11, 17
Suppose -q = 4*a - 24447, 28*q - 18339 = -3*a + 31*q. List the prime factors of a.
2, 191
Suppose 20*a - 16*a - 12 = 0. Suppose -3*g + 0*g - 3*i = 3, 0 = 5*g + a*i + 15. What are the prime factors of (-2 - -32)/(g/(-21))?
3, 5, 7
Suppose 517*a - j = 522*a - 8719, -4*a - 2*j + 6974 = 0. What are the prime factors of a?
2, 109
Let a = -126 - -131. What are the prime factors of 422/(-4)*(3 - a)?
211
Let d(f) = 7387*f**2 + 16*f - 32. List the prime factors of d(-2).
2, 3, 7, 13
Let a = -35 - -86. Let b = -45 - a. Let y = -62 - b. What are the prime factors of y?
2, 17
Suppose -1386 + 10080 = 7*p. Suppose 0 = 8*z - p - 1614. What are the prime factors of z?
3, 7, 17
Suppose 3*p - 53*t + 54*t = 35298, 4*t = -p + 11777. What are the prime factors of p?
5, 13, 181
Let m = -5523 + 12101. List the prime factors of m.
2, 11, 13, 23
Let w(u) = -4*u + 4. Let h be w(-5). Suppose -1057*s = 5*k - 1059*s - 700, -2*s = 2*k - 280. Let b = k - h. What are the prime factors of b?
2, 29
Suppose 5*t - 322 = 3*v - 3151, 3755 = 4*v - t. Suppose -4*f - 2*u + v = 0, -5*f = -5*u - 685 - 450. What are the prime factors of f?
2, 29
List the prime factors of 2684214/702*6/1.
2, 11471
Let t = -874 + 14071. What are the prime factors of t?
3, 53, 83
Let z(g) = -g**2 + 9*g + 7. Let i be z(9). Suppose -i*a - 10 = 4. List the prime factors of (a + 19)*4 + 0.
2, 17
Let u = -6 + 20. Suppose -k = 1 - u. Suppose k*i + 87 = 16*i. List the prime factors of i.
29
Let m(x) = 79*x**3 + 10*x**2 + 28*x - 26. What are the prime factors of m(9)?
23, 2549
Suppose -13*t = 7*t - 1860. Suppose -4*h + 5*h - 10 = 0. Suppose -h*v + 7*v + t = 0. List the prime factors of v.
31
Let n = -288 + 271. Let o(q) = -24*q - 4. Let v be o(-3). Let u = v + n. List the prime factors of u.
3, 17
Let r(m) be the third derivative of 0*m + 14*m**2 + 15/2*m**3 + 1/12*m**4 + 0. What are the prime factors of r(7)?
59
Suppose -31*a + 619040 - 190274 = 8*a. What are the prime factors of a?
2, 23, 239
Let n(u) = -u + 14. Let v be n(10). List the prime factors of 1/8*v*1178.
19, 31
Let x(z) be the first derivative of z**4/4 + 10*z**3/3 - 2*z**2 + 14*z + 10. Let q be x(-10). What are the prime factors of 1/1 - (1 - q)?
2, 3
Suppose 2276 = b - 5*o, -2*b + 3000 + 1604 = 3*o. Suppose -37*y = -33*y - b. What are the prime factors of y?
2, 7, 41
Suppose -l - 5*b = 10, 0 = l - 2*l - b + 6. Let d be 9/((-36)/(-8)) + l. List the prime factors of (d - 9) + (-2 - -69).
2, 5, 7
Suppose 1719188 + 1893951 = 99*u - 1625050. What are the prime factors of u?
3, 5879
Suppose -29*p + 1548 + 11486 = 593. What are the prime factors of p?
3, 11, 13
Suppose -197*j + 7537414 = -58*j. List the prime factors of j.
2, 19, 1427
Let i = -16952 - -28824. List the prime factors of i.
2, 7, 53
Let g(a) = -74*a - 939. List the prime factors of g(-39).
3, 11, 59
List the prime factors of (-2)/((-45756)/(-45764) - 1) - (-8)/4.
11443
Let p be 36/90 - 2/5. Let g be (-8)/((-4 + p)/(-12)). Let b = g + 43. What are the prime factors of b?
19
Suppose -5*w + 4*n = -51634, -41305 = -4*w + 12*n - 11*n. What are the prime factors of w?
2, 3, 1721
Let h = 44 - 10. Let y = 196 + h. Suppose -5*l = -245 - y. List the prime factors of l.
5, 19
Let s = 111 + -111. List the prime factors of 570 + (s - 2)/2.
569
Suppose -7*f = 15 + 20. Let o(t) = t**3 + 3*t**2 - 7*t + 2. Let q be o(f). Let u(b) = -b**2 - 16*b - 7. List the prime factors of u(q).
2
Suppose 0 = -8*t + 4 + 12. Suppose 3*m - 3 + 1 = -t*g, -2*m - 2*g = 0. What are the prime factors of m/8 + 945/28?
2, 17
Let n be -3 + 4 + -2 - (-228)/(-1). Let u = n - -423. List the prime factors of u.
2, 97
Suppose -11390 = -15*z - 6500. What are the prime factors of z?
2, 163
Suppose f = 6*f - 2*z + 1424, -4*f - 4*z = 1128. Let m be f*1/((-20)/25). Suppose -5*p + m = 50. What are the prime factors of p?
61
Suppose 3*u + u = -2*d + 306, 5*d = -4*u + 315. Suppose -u = 2*n + 3*n. What are the prime factors of 15 - (n/5)/(-1)?
2, 3
Let l(b) = 21*b + 17. Let g(z) = 11 + 70*z - 8*z + 39. Let p(f) = 6*g(f) - 17*l(f). What are the prime factors of p(3)?
2, 7
Let u = 1114 - 548. Suppose -2*o + 4*x = -u, 2*o + 0*o = -3*x + 559. What are the prime factors of o?
281
Suppose -j + 2*o = 1, 0*o - 9 = -3*j + 3*o. Suppose 0 = -j*n + 194 + 982. Suppose -3*c - n = -861. List the prime factors of c.
3, 7, 11
Let r be (-6)/21 + ((-38071)/7 - -3). What are the prime factors of (-4)/14 + 5/((-70)/r)?
2, 97
Suppose -6*p = 26*p + 768. List the prime factors of (-400)/p*(-42)/(-4) - -4.
179
Let u be (-9)/12 - (-36705)/(-20). Let b = u + 2815. List the prime factors of b.
11, 89
What are the prime factors of 1155/3080 - (-2 - (-2)/(16/(-94621)))?
2, 5, 7, 13
Suppose -19*d + 17*d - 22 = 3*q, -4*q - 32 = 4*d. What are the prime factors of 1118/6 - q/9?
11, 17
Suppose -4*n - 39 + 75 = 0. Let d(o) = -o**3 + 9*o**2 + 2*o - 12. Let h be d(n). Suppose -2*r = -6, 5*z - h*r - 736 = -8*r. What are the prime factors of z?
2, 73
Let r = -74 - -139. Suppose -981*t - 784 = -965*t. Let k = r + t. List the prime factors of k.
2
Let c(s) = -69*s. Let o = 462 + -470. List the prime factors of c(o).
2, 3, 23
Suppose -59260 = -7*y + 1990 + 4060. What are the prime factors of y?
2, 3, 5, 311
Let s be -7*(-142260)/168 + 1/2. Suppose 149*v = 130*v + s. List the prime factors of v.
2, 3, 13
Suppose y = -215 + 284. Suppose -y = -2*u - 23. List the prime factors of u.
23
Suppose 0 = -19*m + 14413 + 1547. Suppose -4*o = -3*i - m, -4*o = -6*o - 4*i + 442. What are the prime factors of o?
3, 71
Let p(z) = -z**3 + 8*z**2 - 2*z + 27. Let h be (-384)/60 - (-3)/(-5). What are the prime factors of p(h)?
2, 97
Let w(n) = -7*n**2 + 7*n + 6. Let m(c) = -2*c**2 + c - 1. Let q(l) = -4*m(l) + w(l). Let y = 5 - 17. What are the prime factors of q(y)?
2, 59
Let p be (1 + 1)/(-7*20/7350). List the prime factors of -1 + 4 - (p - 6/(-6)).
107
Let g(u) = -2*u**3 - 7*u**2 - 29*u - 6. What are the prime factors of g(-5)?
2, 107
What are the prime factors of (-1 + 2)/((-5893239)/420948 + 14)?
2, 3, 1063
Let q = 118754 + -55183. List the prime factors of q.
151, 421
Let x = -55 + 98. Let b = -39 + x. Suppose 2*f = b*f - 158. What are the prime factors of f?
79
What are the prime factors of (77658/63)/(1 + 4/(-12))?
43
Let y be 3*(-12)/(-6) - -639. List the prime factors of 80/(-20) - y/(-1).
641
Let w(u) = -u**3 + 3*u**2 + 29*u + 14. Let x be w(-16). Suppose -18382 = -18*a - x. What are the prime factors of a?
2, 97
Let s(y) be the third derivative of y**5/6 + y**4 - 130*y**3/3 - 5*y**2 - 8*y. What are the prime factors of s(8)?
2, 11, 13
Let l(b) = -4779*b**3 - 3*b**2 + 183*b + 368. List the prime factors of l(-2).
2, 29, 659
Let l = 53 + -29. Suppose 2*p - 4*q = l, -8 = -p - 2*q - 4. Suppose -p*v = -3*v - 255. What are the prime factors of v?
3, 17
Let q(v) = -v**3 - 1. Let b(g) = -13*g**3 - 2*g**2 - 2. Let u(f) = b(f) - 3*q(f). Let l be u(2). Let i = 145 + l. What are the prime factors of i?
2, 29
Suppose -3*n - 5*z + 98 = 0, 0 = 2*n + 6*z - 4*z - 64. Let q = n - -246. What are the prime factors of q?
277
Let m(y) = -1. Let l(o) = -o - 1. Let n(w) = 3*l(w) + 6*m(w). Let b be n(4). Let a = b - -44. List the prime factors of a.
23
Let c(t) be the third derivative of -71*t**6/60 - t**3/6 + t**2. Let f(i) = -i**3 - 9*i**2 - 3*i + 89. Let z be f(-6). List the prime factors of c(z).
3, 47
Let b = -142 + 146. Suppose -8*r = b*r - 1320. What ar